{"id":2152,"date":"2019-01-08T15:01:22","date_gmt":"2019-01-08T15:01:22","guid":{"rendered":"https:\/\/eltaulellgastronomic.com\/footer\/"},"modified":"2024-02-23T09:28:33","modified_gmt":"2024-02-23T09:28:33","slug":"footer","status":"publish","type":"page","link":"https:\/\/eltaulellgastronomic.com\/en\/footer\/","title":{"rendered":"Footer"},"content":{"rendered":"<section class=\"wpb-content-wrapper\"><p>[vc_row full_width=&#8221;stretch_row&#8221; equal_height=&#8221;yes&#8221; content_placement=&#8221;middle&#8221; css=&#8221;.vc_custom_1670840690114{padding-top: 50px !important;padding-bottom: 50px !important;background: rgba(153,153,153,0.71) url(https:\/\/eltaulellgastronomic.com\/wp-content\/uploads\/2022\/08\/taulell-taula-parada-scaled.jpg?id=1850) !important;background-position: center !important;background-repeat: no-repeat !important;background-size: cover !important;*background-color: rgb(153,153,153) !important;}&#8221;][vc_column width=&#8221;1\/2&#8243; css=&#8221;.vc_custom_1546960342514{padding-right: 80px !important;padding-left: 80px !important;}&#8221;]<div style=\"background-color:;height: 20px\" class=\"nicdark_section  \"><\/div>\n    <div style=\"text-align:center\" class=\"nd_options_section\">\n      <img decoding=\"async\" alt=\"\" style=\"width:120px\" class=\" nd_options_margin_0 nd_options_padding_0 \" src=\"https:\/\/eltaulellgastronomic.com\/wp-content\/uploads\/2022\/07\/eltaulell-logo-blanc-1024x1024.png\">\n    <\/div>\n   <div style=\"background-color:;height: 15px\" class=\"nicdark_section  \"><\/div> <p style=\"color:#ffffff;padding:px;text-align:center;font-size:px;line-height:px;letter-spacing: 1px;font-weight:normal\" class=\"   nd_options_second_font \">info@eltaulellgastronomic.com<\/p>  <p style=\"color:#ffffff;padding:px;text-align:center;font-size:px;line-height:px;letter-spacing: 1px;font-weight:normal\" class=\"   nd_options_second_font \">962 383 979<\/p> <div style=\"background-color:;height: 20px\" class=\"nicdark_section  \"><\/div>[\/vc_column][vc_column width=&#8221;1\/2&#8243; css=&#8221;.vc_custom_1546960350557{padding-right: 80px !important;padding-left: 80px !important;}&#8221;]<div style=\"background-color:;height: 20px\" class=\"nicdark_section  \"><\/div>[vc_column_text]<\/p>\n<p style=\"font-weight: 400;\"><span style=\"color: #ffffff;\"><strong>El Taulell Gastronomic <\/strong><\/span><\/p>\n<p style=\"font-weight: 400;\"><span style=\"color: #ffffff;\"><strong> <\/strong><\/span><\/p>\n<p><span style=\"color: #ffffff;\"><span style=\"font-weight: 400;\"> Rojovi S.L. ha sido beneficiaria del Fondo Europeo de Desarrollo Regional cuyo objetivo es mejorar el uso y la calidad de las tecnolog\u00edas de la informaci\u00f3n y de las comunicaciones y el acceso a las mismas y la sostenibilidad, gracias al que ha realizado una inversi\u00f3n <\/span><span style=\"font-weight: 400;\">en soluciones de cloud computing y dinamizaci\u00f3n de redes sociales <\/span><span style=\"font-weight: 400;\">para la mejora de competitividad y productividad de la empresa en 2022. Para ello ha contado con el apoyo del Programa de Competitividad Tur\u00edstica de la C\u00e1mara de Comercio de Valencia<\/span><\/span>[\/vc_column_text]<div style=\"background-color:;height: 20px\" class=\"nicdark_section  \"><\/div>[vc_single_image image=&#8221;1862&#8243; img_size=&#8221;medium&#8221; alignment=&#8221;center&#8221;][\/vc_column][\/vc_row][vc_row full_width=&#8221;stretch_row&#8221; css=&#8221;.vc_custom_1548255563532{padding-top: 10px !important;padding-bottom: 10px !important;}&#8221;][vc_column] <p style=\"color:;padding:px;text-align:center;font-size:px;line-height:px;letter-spacing: 2px;font-weight:normal\" class=\"   nd_options_second_font \">Copyright 2022 - Jordi Casanova<\/p> [\/vc_column][\/vc_row]<\/p>\n<\/section>","protected":false},"excerpt":{"rendered":"<p>[vc_row full_width=&#8221;stretch_row&#8221; equal_height=&#8221;yes&#8221; content_placement=&#8221;middle&#8221; css=&#8221;.vc_custom_1670840690114{padding-top: 50px !important;padding-bottom: 50px !important;background: rgba(153,153,153,0.71) url(https:\/\/eltaulellgastronomic.com\/wp-content\/uploads\/2022\/08\/taulell-taula-parada-scaled.jpg?id=1850) !important;background-position: center !important;background-repeat: no-repeat !important;background-size: cover !important;*background-color: rgb(153,153,153) !important;}&#8221;][vc_column width=&#8221;1\/2&#8243; css=&#8221;.vc_custom_1546960342514{padding-right: 80px !important;padding-left: 80px !important;}&#8221;][\/vc_column][vc_column width=&#8221;1\/2&#8243; css=&#8221;.vc_custom_1546960350557{padding-right: 80px !important;padding-left: 80px !important;}&#8221;][vc_column_text] El Taulell Gastronomic Rojovi S.L. ha sido beneficiaria del Fondo Europeo de Desarrollo Regional cuyo objetivo es mejorar el uso y la calidad [&hellip;]<\/p>\n","protected":false},"author":1,"featured_media":0,"parent":0,"menu_order":0,"comment_status":"closed","ping_status":"closed","template":"","meta":{"footnotes":""},"class_list":["post-2152","page","type-page","status-publish","hentry"],"_links":{"self":[{"href":"https:\/\/eltaulellgastronomic.com\/en\/wp-json\/wp\/v2\/pages\/2152","targetHints":{"allow":["GET"]}}],"collection":[{"href":"https:\/\/eltaulellgastronomic.com\/en\/wp-json\/wp\/v2\/pages"}],"about":[{"href":"https:\/\/eltaulellgastronomic.com\/en\/wp-json\/wp\/v2\/types\/page"}],"author":[{"embeddable":true,"href":"https:\/\/eltaulellgastronomic.com\/en\/wp-json\/wp\/v2\/users\/1"}],"replies":[{"embeddable":true,"href":"https:\/\/eltaulellgastronomic.com\/en\/wp-json\/wp\/v2\/comments?post=2152"}],"version-history":[{"count":1,"href":"https:\/\/eltaulellgastronomic.com\/en\/wp-json\/wp\/v2\/pages\/2152\/revisions"}],"predecessor-version":[{"id":2153,"href":"https:\/\/eltaulellgastronomic.com\/en\/wp-json\/wp\/v2\/pages\/2152\/revisions\/2153"}],"wp:attachment":[{"href":"https:\/\/eltaulellgastronomic.com\/en\/wp-json\/wp\/v2\/media?parent=2152"}],"curies":[{"name":"wp","href":"https:\/\/api.w.org\/{rel}","templated":true}]}}

<section class="wpb-content-wrapper"><p>[vc_row full_width=&#8221;stretch_row&#8221; equal_height=&#8221;yes&#8221; content_placement=&#8221;middle&#8221; css=&#8221;.vc_custom_1670840690114{padding-top: 50px !important;padding-bottom: 50px !important;background: rgba(153,153,153,0.71) url(https://eltaulellgastronomic.com/wp-content/uploads/2022/08/taulell-taula-parada-scaled.jpg?id=1850) !important;background-position: center !important;background-repeat: no-repeat !important;background-size: cover !important;*background-color: rgb(153,153,153) !important;}&#8221;][vc_column width=&#8221;1/2&#8243; css=&#8221;.vc_custom_1546960342514{padding-right: 80px !important;padding-left: 80px !important;}&#8221;]<div style="background-color:;height: 20px" class="nicdark_section  "></div>
    <div style="text-align:center" class="nd_options_section">
      <img decoding="async" alt="" style="width:120px" class=" nd_options_margin_0 nd_options_padding_0 " src="https://eltaulellgastronomic.com/wp-content/uploads/2022/07/eltaulell-logo-blanc-1024x1024.png">
    </div>
   <div style="background-color:;height: 15px" class="nicdark_section  "></div> <p style="color:#ffffff;padding:px;text-align:center;font-size:px;line-height:px;letter-spacing: 1px;font-weight:normal" class="   nd_options_second_font ">info@eltaulellgastronomic.com</p>  <p style="color:#ffffff;padding:px;text-align:center;font-size:px;line-height:px;letter-spacing: 1px;font-weight:normal" class="   nd_options_second_font ">962 383 979</p> <div style="background-color:;height: 20px" class="nicdark_section  "></div>[/vc_column][vc_column width=&#8221;1/2&#8243; css=&#8221;.vc_custom_1546960350557{padding-right: 80px !important;padding-left: 80px !important;}&#8221;]<div style="background-color:;height: 20px" class="nicdark_section  "></div>[vc_column_text]</p>
<p style="font-weight: 400;"><span style="color: #ffffff;"><strong>El Taulell Gastronomic </strong></span></p>
<p style="font-weight: 400;"><span style="color: #ffffff;"><strong> </strong></span></p>
<p><span style="color: #ffffff;"><span style="font-weight: 400;"> Rojovi S.L. ha sido beneficiaria del Fondo Europeo de Desarrollo Regional cuyo objetivo es mejorar el uso y la calidad de las tecnologías de la información y de las comunicaciones y el acceso a las mismas y la sostenibilidad, gracias al que ha realizado una inversión </span><span style="font-weight: 400;">en soluciones de cloud computing y dinamización de redes sociales </span><span style="font-weight: 400;">para la mejora de competitividad y productividad de la empresa en 2022. Para ello ha contado con el apoyo del Programa de Competitividad Turística de la Cámara de Comercio de Valencia</span></span>[/vc_column_text]<div style="background-color:;height: 20px" class="nicdark_section  "></div>[vc_single_image image=&#8221;1862&#8243; img_size=&#8221;medium&#8221; alignment=&#8221;center&#8221;][/vc_column][/vc_row][vc_row full_width=&#8221;stretch_row&#8221; css=&#8221;.vc_custom_1548255563532{padding-top: 10px !important;padding-bottom: 10px !important;}&#8221;][vc_column] <p style="color:;padding:px;text-align:center;font-size:px;line-height:px;letter-spacing: 2px;font-weight:normal" class="   nd_options_second_font ">Copyright 2022 - Jordi Casanova</p> [/vc_column][/vc_row]</p>
</section>
